(g) = g**3 + 4*g**2 + g + 1. Let c be s(-3). Let p(z) = z**2 - 2*z. Let f be p(3). Suppose -f*a = -19 + c. Calculate h(a).
1
Let d(g) = 38 + 6*g**2 - 41 + 0*g**3 + g**3 + g. Calculate d(-6).
-9
Let c = 3 + 3. Let a(r) = c*r + 3 - 3*r**2 - r + 0*r**2 + 2*r**2. Give a(4).
7
Let a(z) = -z**3 - 5*z**2 - 4*z + 6. Let q(m) = -2*m**3 - 10*m**2 - 8*m + 11. Let f(c) = 7*a(c) - 4*q(c). Give f(-4).
-2
Let n(s) = -4*s + 2 + 2*s - s + 2 + s**2. Determine n(3).
4
Let g(c) = c**3 - c**2 - 4. Let x be g(0). Let z(i) = i - 1. Let a(d) = d**2 + 3. Let w(n) = a(n) + 4*z(n). Give w(x).
-1
Let l(a) = a + 5. Let w(n) = -1. Let z(v) = -l(v) + 3*w(v). What is z(-7)?
-1
Let s(z) = z + 20 - 20. Suppose 3*h - 5 = -2. Let j be (1 + h)/(1 + 0). Determine s(j).
2
Let p(c) = c**3 + c**2 - 1. Let m(n) = -2*n**3 - 9*n**2 - 3*n + 3. Let j be m(-4). Calculate p(j).
-1
Let m(n) = -520 + 2*n + 519 - 4*n. Let i = 21 - 54. Let w be i/7 - (-4)/(-14). Determine m(w).
9
Let w(d) = 7*d. Let f(t) = -2*t**2 + t. Let k be f(1). What is w(k)?
-7
Let w(s) = -5*s**2 - 9 - 14*s + 4 + 3*s + s**3 - 5*s**2. Calculate w(11).
-5
Suppose 0 = 3*z - 6 - 0. Let u(l) = l**2 + 4*l**2 + 3*l**2 - 3*l**z. Determine u(1).
5
Let q(r) = -2 - 1 + r**3 + 36*r + 7*r**2 + 5 - 27*r. What is q(-6)?
-16
Let m(f) be the second derivative of -3/2*f**2 + 0 - 1/12*f**4 - 3*f + 0*f**3. Let w(k) be the first derivative of m(k). Give w(3).
-6
Let w = 40 - 21. Let k(l) = 29*l - w*l + 1 - 12*l. Determine k(4).
-7
Let j(n) = -27*n**2 - 6 + 3*n**3 - 2*n**3 + 33*n**2 + 3*n. Let m be (-3 + 1)/(2/5). Calculate j(m).
4
Let v(l) be the first derivative of 2*l**2 + 5*l - 1. Let m(u) = -7*u - 10. Let h(w) = -3*m(w) - 5*v(w). Give h(-4).
1
Let g(x) = x**2 - 6*x - 2. Let v be -4*(0 + (1 - 3)). Suppose -7*b + v*b - 3 = 0. Give g(b).
-11
Let w be 1*-1*(-3)/36. Let q(l) be the second derivative of -2/3*l**3 + 0 + 3*l + 1/2*l**2 + w*l**4. Determine q(5).
6
Suppose -5 = 2*b - 2*z + 3, b + z + 8 = 0. Let d(w) be the third derivative of -5/24*w**4 + 0*w + w**3 - 1/60*w**5 + 0 + 2*w**2. Determine d(b).
0
Let x(s) = s**2 + 5*s - 3. Let n be x(-5). Let c(z) = -z**2 - 3*z + 4. What is c(n)?
4
Let h(r) = r - 1. Let y = -5 - -5. Suppose 3*s - 65 = -5*u, -2*u + y*u + 3*s + 47 = 0. Suppose 1 = -3*t + u. What is h(t)?
4
Let p = -15/2 - -10. Let z(q) be the first derivative of -3 - 1/3*q**3 - 2*q + p*q**2. What is z(4)?
2
Suppose -2*l + 2 = 4. Let o(a) = 7*a - 7. Let m(w) = -3*w + 3. Let k(x) = -5*m(x) - 2*o(x). Determine k(l).
-2
Let y(p) = -p**3 + 17*p**2 + 2*p - 36. Let d be y(17). Let c(v) = 15*v. Let m(g) = -8*g. Let w(x) = -6*c(x) - 11*m(x). Determine w(d).
4
Let s be (-2)/5 - 21/(-15). Let h(c) be the third derivative of 0 + 0*c**3 - 1/24*c**4 - 1/15*c**5 - 2*c**2 + 0*c. What is h(s)?
-5
Let t(f) = f**3 + f**2 - 3*f + 1. Let x(l) = l**3 - 8*l**2 + l - 6. Let m be x(8). Determine t(m).
7
Let n be 1/7*-26 - (-18)/(-63). Let b(f) = f**3 + 3*f**2 - 4*f - 6. What is b(n)?
-6
Suppose 13*q - 18 = 16*q. Let u(x) = -x**2 - 7*x + 1. What is u(q)?
7
Let f be ((-104)/6)/((-6)/18). Let x(p) = 6*p**3 - 4 + f*p**2 - 48*p**2 + 3*p - 2*p**3 - 3*p**3. Calculate x(-3).
-4
Let n(x) = 9*x**2 + 6*x + 3. Let r(s) = -8*s**2 - 5*s - 2. Let d(w) = 4*n(w) + 5*r(w). Suppose -5*h = -2*y + 12, y + 3 = -h + 2. Calculate d(h).
-12
Let j(u) be the second derivative of 1/2*u**2 + 0 + 3*u + 1/3*u**3. Determine j(3).
7
Let b(w) = -1 - 7*w - w**2 + 8*w - w. Calculate b(-2).
-5
Let k(x) = 6*x - 1. Suppose -2*g + 24 = 4*u, -5*u = 2*g + g - 31. Suppose 0 = -u*q + 28 - 8. Let c = q + -5. Calculate k(c).
-7
Let z(r) = -r**3 - 8*r**2 - 4*r + 16. Let u be z(-7). Let d(n) = -2*n - 5. Determine d(u).
5
Let d(m) = -m**2 + m + 1. Let i = 12 + -10. Suppose 7 = -c - 3*u - 1, c - i*u - 2 = 0. Give d(c).
-5
Let w(f) be the first derivative of -f**6/120 + f**5/12 - f**4/8 + f**3/6 + 2*f**2 + 1. Let d(z) be the second derivative of w(z). Calculate d(3).
10
Let x(j) = 6*j**2 + 2 + 11*j**2 + 4*j - 14*j**2. Calculate x(-2).
6
Let q(y) = 18*y - 14. Let w(r) = -6*r + 5. Let k(f) = 4*q(f) + 11*w(f). Calculate k(-2).
-13
Let l be (6 - 16) + (-1 + 2)*3. Let w(n) = n**2 + 6*n + 6. Determine w(l).
13
Let s(k) = k**2 - 3*k + 4. Let n be s(1). Let t(w) be the second derivative of 0 + 1/2*w**3 - 3*w - 2*w**n. Give t(3).
5
Let p(c) = -c**3 + 2*c**2 + c - 3. Suppose -l = -5*x - 16, -2*l - 3*x + 12 = -7. Suppose -b = -3*b - w + l, w = 5. Give p(b).
-9
Let g(i) = i - 1. Let w be 2 + (-5 - (0 - 3)). Let k = -6 + 8. Suppose b + b + k = w. Calculate g(b).
-2
Let b(t) be the first derivative of t**4/2 - t**3/6 + 2*t**2 - 1. Let v(q) be the second derivative of b(q). Determine v(1).
11
Suppose 54 = 3*q + 5*a, -4 = 4*a + 8. Let s(n) = 0*n + q + 5*n**2 - n - 23. What is s(1)?
4
Let w = 3 - 1. Let d be (0 - 0/3)/w. Suppose -n - z = d, 0 = n + 2*z - 3 + 2. Let b(o) = o**3 - o**2 - 2*o - 1. Calculate b(n).
-1
Let j(s) = -5*s**2 - 4*s - 4. Let m = 0 - -1. Let g(n) = -n**2 + n. Let c(y) = m*j(y) - 3*g(y). Give c(-4).
-8
Let w(d) = 3*d + 1. Let n = -39 - -32. Let g(x) = 1. Let m(v) = v + 12. Let u(p) = -4*g(p) + m(p). Let s be u(n). Give w(s).
4
Suppose 0 = 3*f - 3*n - 24, -5*f - 4*n + 5*n + 24 = 0. Let q be (-2)/(-4)*-1*-4. Let l(c) = 0*c**3 + 3 + 4*c**q + 2*c**3 - c - c**3 - 2*c**3. What is l(f)?
-1
Let y(j) = 2 - j - 3*j - j + j**2. Let o(n) = -2*n - 23. Let i(r) = 3*r + 35. Let q(b) = -5*i(b) - 8*o(b). Let s be q(-4). Give y(s).
2
Let y(i) = 6 + 2*i**2 + 0*i**2 - i**2 + 6*i. Suppose 29 - 41 = 2*c. Give y(c).
6
Let w(l) = l**2 - l - 1. Suppose 2*o + 5*f - 3 = 0, 0*o - 2*o + 10 = -2*f. Calculate w(o).
11
Let y(n) = -n + 2*n + 7 - 1 - 1. Calculate y(-5).
0
Suppose 13 = 3*z - 5. Let l(y) = -3*y**2 + y + 8. Let m(a) = -a**2 + 3. Let r(q) = 6*l(q) - 17*m(q). Calculate r(z).
-3
Let t(c) = c + 5. Let s be t(7). Let v be ((-3)/6)/(2/s). Let i(y) be the first derivative of y**3/3 + y**2 + 2*y - 2. Give i(v).
5
Let l = 3 + 15. Let y be l/4*2/3. Suppose y*n + 11 = 5*s, 0 = -4*n - 0*n - 4*s - 4. Let m(b) = -b**3 - 3*b**2 - 4*b - 3. What is m(n)?
1
Let z be ((-7)/42)/(3/(-6)). Let g(k) be the first derivative of -3/2*k**2 - 1 + z*k**3 + 0*k. Determine g(4).
4
Let y(l) = l**3 - 5*l**2 + 3*l + 5. Let b(s) = s**2 + 4*s - 8. Let a(x) = -x**2 - 6. Let j be a(0). Let o be b(j). Give y(o).
1
Let n be (-12)/9*-3 + -2. Let x(c) be the second derivative of -c + 1/20*c**5 - 3/2*c**n - 1/6*c**3 + 0 + 1/4*c**4. Determine x(-3).
0
Let w(h) = 1. Let u(q) be the second derivative of -q**4/12 - q**3/2 + q**2 + q. Let i(c) = -u(c) - 3*w(c). What is i(-4)?
-1
Let m(i) = -i + 3*i - 6*i + 3*i + 3. Give m(0).
3
Let z be (12/(-9))/(-2)*9. Let n be 9/z*6/3. Let b(i) = -2*i**2 + 2*i + 1 + i**2 + n*i + 0*i**2. Give b(4).
5
Let a be 2/(-7) + (-126)/(-98). Let m(u) = u**2 + 1. What is m(a)?
2
Let z(i) = i**2 - 2*i**2 - 4 - 2 + 2*i + 4*i. Determine z(4).
2
Suppose -333 = 12*z - 285. Let i(d) = -4*d**2 + 5*d - d**3 - 5*d + 3. Determine i(z).
3
Let t(o) = -3*o**2 + 11*o. Let j(d) = -2*d**2 + 7*d. Let l(a) = 8*j(a) - 5*t(a). Let f = 7 + -6. Suppose 1 = u - f. Give l(u).
-2
Let k(i) be the third derivative of -i**7/180 - i**6/720 + i**5/120 + i**4/8 + 4*i**2. Let y(l) be the second derivative of k(l). Calculate y(1).
-14
Let y(h) = -h**2 + 2*h - 7. Let m(u) = -u**2 + 3*u - 8. Let x(p) = -5*m(p) + 6*y(p). Let s = -1 - 1. Give x(s).
0
Let m(a) be the third derivative of -a**7/1680 - a**5/20 - 2*a**2. Let o(q) be the third derivative of m(q). What is o(3)?
-9
Let i(n) be the second derivative of n**6/120 + n**5/30 + n**4/12 - 5*n**3/6 - 6*n. Let y(f) be the second derivative of i(f). What is y(-2)?
6
Let z(j) = -2*j + j + 1 - j**2 + 2*j - j**3. Suppose 5*i - q - 19 = 0, 11 = 2*i + i - q. Suppose -5*m - 5*v = 10, 5*v - i = m - 2. Calculate z(m).
3
Let v(z) = -3 + 1 + 380*z - 379*z. Determine v(6).
4
Let k(w) = -2*w**2 - 2*w. Let i(d) = -d**3 - 5*d**2 - 4*d - 3. Let s be i(-4). What is k(s)?
-12
Let o(j) = 2 + 152*j + j**2 - 158*j - 5. Suppose -p + 3 = -2. Determine o(p).
-8
Let o(z) be the third derivative of -z**7/840 - z**6/360 + 2*z**3/3 - z**2. Let h(w) be the first derivative of o(w). Calculate h(-2).
4
Let o(u) = -u**3 - u + 3. Let n(k) = -k + 2. Let z be n(-3). Suppose 7*s = 5*t + 2*s + 5, -z*t - 1 = -s. Give o(t).
3
Let j(r) = -7*r - 7. Let s(p) = -6*p - 6. Let